{"id":204,"date":"2023-11-01T09:57:29","date_gmt":"2023-11-01T09:57:29","guid":{"rendered":"https:\/\/www.scoalagohorgl.ro\/?page_id=204"},"modified":"2023-11-01T10:04:05","modified_gmt":"2023-11-01T10:04:05","slug":"comunicat-de-presa-incepere-proiect","status":"publish","type":"page","link":"https:\/\/www.scoalagohorgl.ro\/index.php\/comunicat-de-presa-incepere-proiect\/","title":{"rendered":"\u201ePNRR: Fonduri pentru Rom\u00e2nia modern\u0103 \u0219i reformat\u0103!\u201d"},"content":{"rendered":"\n<figure class=\"wp-block-image size-large\"><img decoding=\"async\" loading=\"lazy\" width=\"1024\" height=\"137\" src=\"https:\/\/www.scoalagohorgl.ro\/wp-content\/uploads\/2023\/11\/Screenshot-2023-11-01-115457-1024x137.png\" alt=\"\" class=\"wp-image-208\" srcset=\"https:\/\/www.scoalagohorgl.ro\/wp-content\/uploads\/2023\/11\/Screenshot-2023-11-01-115457-1024x137.png 1024w, https:\/\/www.scoalagohorgl.ro\/wp-content\/uploads\/2023\/11\/Screenshot-2023-11-01-115457-300x40.png 300w, https:\/\/www.scoalagohorgl.ro\/wp-content\/uploads\/2023\/11\/Screenshot-2023-11-01-115457-768x103.png 768w, https:\/\/www.scoalagohorgl.ro\/wp-content\/uploads\/2023\/11\/Screenshot-2023-11-01-115457-360x48.png 360w, https:\/\/www.scoalagohorgl.ro\/wp-content\/uploads\/2023\/11\/Screenshot-2023-11-01-115457.png 1143w\" sizes=\"(max-width: 1024px) 100vw, 1024px\" \/><\/figure>\n\n\n\n<p>COMUNICAT DE PRES\u0102 \u00ceNCEPERE PROIECT<\/p>\n\n\n\n<p>\u201cDotarea cu mobilier, materiale didactice \u0219i echipamente digitale a unit\u0103\u021bii de \u00eenv\u0103\u021b\u0103m\u00e2nt preuniversitar din Comuna Gohor, jude\u021bul Gala\u021bi\u201d\u201d<\/p>\n\n\n\n<p>\u201e<strong>PNRR: Fonduri pentru Rom\u00e2nia modern\u0103 \u0219i reformat\u0103!<\/strong>\u201d<\/p>\n\n\n\n<p><strong>Unitatea Administrativ Teritorial\u0103 Comuna Gohor <\/strong>anun\u021b\u0103 \u00eenceperea proiectului <em>\u201c<strong>Dotarea cu mobilier, materiale didactice \u0219i echipamente digitale a unit\u0103\u021bii de \u00eenv\u0103\u021b\u0103m\u00e2nt preuniversitar din Comuna Gohor, jude\u021bul Gala\u021bi\u201d<\/strong>\u201d, cod F-PNRR-Dotari-2023-0715,&nbsp; <\/em>finan\u021bat\u00een cadrul apelului &#8220;<em>Dotarea cu mobilier, materiale didactice \u0219i echipamente digitale a unit\u0103\u021bilor de \u00eenv\u0103\u021b\u0103m\u00e2nt preuniversitar \u0219i a unit\u0103\u021bilor conexe&#8221;, prin PNRR\\Pilonul VI. Politici pentru noua genera\u021bie\\Componenta C15: Educa\u021bie\\Reforma 4.Crearea unei rute proiesionale complete pentru \u00eenv\u0103\u021b\u0103m\u00e2ntul tehnic superior<a>\\<\/a>Investi\u021bia 13. Echiparea laboratoarelor informatice din \u0219colile de educa\u021bie \u0219i formare profesional\u0103 (EFP) \u0219i Investi\u021bia &nbsp;14.Echiparea atelierelor de practic\u0103 din unit\u0103\u021bile de \u00eenv\u0103\u021b\u0103m\u00e2nt profesional \u0219i tehnic \u0219i Reforma 5.Adoptarea cadrului legislativ pentru digitalizarea educa\u021biei\\Investi\u021bia 9. Asigurarea echipamentelor \u0219i a resurselor tehnologice digitale pentru unit\u0103\u021bile de \u00eenv\u0103\u021b\u0103m\u00e2nt precum \u0219i Reforma 6.Actualizarea cadrului legislativ pentru a asigura standarde ecologice de proiectare, construc\u021bie \u0219i dotare \u00een sistemul de \u00eenv\u0103\u021b\u0103m\u00e2nt preuniversitar\\ Investi\u021bia 11. Asigurarea dot\u0103rilor pentru s\u0103lile de clas\u0103 preuniversitare \u0219i iaboratoarele\/atelierele \u0219colare.<\/em><\/p>\n\n\n\n<p><strong>Proiectul are ca obiectiv general<\/strong> cre\u0219terea capacit\u0103\u021bii de rezilien\u021b\u0103 a sistemului educa\u021bional prin modernizarea infrastructurii educa\u021bionale \u0219i a dot\u0103rii aferente a Scolii Gimnaziale Nr. 1 Gohor, \u00een vederea asigur\u0103rii particip\u0103rii la un proces educa\u021bional de calitate, modern \u0219i incluziv<\/p>\n\n\n\n<p><strong>Obiective specifice:<\/strong><\/p>\n\n\n\n<ol type=\"1\"><li>Digitalizarea mediului de \u00eenv\u0103\u021bare \u00een \u0218coala Gimnazial\u0103 Nr. 1 Gohor<\/li><li>Dotarea cu mobilier\/materiale didactice a s\u0103lilor de clas\u0103 \u0219i a laboratorului TIC<\/li><li>Dotarea cabinetului de geografie \u0219i a s\u0103lii de sport cu mobilier\/materiale didactice\/echipamente digitale<\/li><li>Cre\u0219terea vizibilit\u0103\u021bii opera\u021biunilor finan\u021bate prin proiect \u0219i con\u0219tientizarea importan\u021bei asisten\u021bei financiare acordate din PNRR, prin m\u0103suri de informare \u0219i publicitate<\/li><\/ol>\n\n\n\n<p>Data de \u00eencepere a proiectului : 04.08.2023<\/p>\n\n\n\n<p>Data finaliz\u0103rii proiectului: 31.12.2024<\/p>\n\n\n\n<p>Valoare total\u0103 proiect: &nbsp;733.036,40 lei (f\u0103r\u0103 TVA)<\/p>\n\n\n\n<p>Valoarea nerambursabil\u0103 finan\u021bat\u0103 din PNRR: 729.836,40 lei (f\u0103r\u0103 TVA)<\/p>\n\n\n\n<p>Persoana de contact:<\/p>\n\n\n\n<p>S\u00ceRGHIE GELU, &nbsp;telefon: 0236865500, &nbsp;email: gohor@gl.e-adm.ro<\/p>\n\n\n\n<p><em>Con\u021binutul acestui material nu reprezint\u0103 \u00een mod obligatoriu pozi\u021bia oficial\u0103 a Uniunii Europene sau a Guvernului Rom\u00e2niei<\/em><\/p>\n\n\n\n<figure class=\"wp-block-image size-large\"><img decoding=\"async\" loading=\"lazy\" width=\"1024\" height=\"116\" src=\"https:\/\/www.scoalagohorgl.ro\/wp-content\/uploads\/2023\/11\/Screenshot-2023-11-01-115627-1024x116.png\" alt=\"\" class=\"wp-image-209\" srcset=\"https:\/\/www.scoalagohorgl.ro\/wp-content\/uploads\/2023\/11\/Screenshot-2023-11-01-115627-1024x116.png 1024w, https:\/\/www.scoalagohorgl.ro\/wp-content\/uploads\/2023\/11\/Screenshot-2023-11-01-115627-300x34.png 300w, https:\/\/www.scoalagohorgl.ro\/wp-content\/uploads\/2023\/11\/Screenshot-2023-11-01-115627-768x87.png 768w, https:\/\/www.scoalagohorgl.ro\/wp-content\/uploads\/2023\/11\/Screenshot-2023-11-01-115627-360x41.png 360w, https:\/\/www.scoalagohorgl.ro\/wp-content\/uploads\/2023\/11\/Screenshot-2023-11-01-115627.png 1119w\" sizes=\"(max-width: 1024px) 100vw, 1024px\" \/><\/figure>\n","protected":false},"excerpt":{"rendered":"<p>COMUNICAT DE PRES\u0102 \u00ceNCEPERE PROIECT \u201cDotarea cu mobilier, materiale didactice \u0219i echipamente digitale a unit\u0103\u021bii de \u00eenv\u0103\u021b\u0103m\u00e2nt preuniversitar din Comuna Gohor, jude\u021bul Gala\u021bi\u201d\u201d \u201ePNRR: Fonduri pentru Rom\u00e2nia modern\u0103 \u0219i reformat\u0103!\u201d Unitatea Administrativ Teritorial\u0103 Comuna Gohor anun\u021b\u0103 \u00eenceperea proiectului \u201cDotarea cu <a href=\"https:\/\/www.scoalagohorgl.ro\/index.php\/comunicat-de-presa-incepere-proiect\/\" class=\"read-more\">Read More &#8230;<\/a><\/p>\n","protected":false},"author":1,"featured_media":0,"parent":0,"menu_order":0,"comment_status":"closed","ping_status":"closed","template":"","meta":[],"_links":{"self":[{"href":"https:\/\/www.scoalagohorgl.ro\/index.php\/wp-json\/wp\/v2\/pages\/204"}],"collection":[{"href":"https:\/\/www.scoalagohorgl.ro\/index.php\/wp-json\/wp\/v2\/pages"}],"about":[{"href":"https:\/\/www.scoalagohorgl.ro\/index.php\/wp-json\/wp\/v2\/types\/page"}],"author":[{"embeddable":true,"href":"https:\/\/www.scoalagohorgl.ro\/index.php\/wp-json\/wp\/v2\/users\/1"}],"replies":[{"embeddable":true,"href":"https:\/\/www.scoalagohorgl.ro\/index.php\/wp-json\/wp\/v2\/comments?post=204"}],"version-history":[{"count":2,"href":"https:\/\/www.scoalagohorgl.ro\/index.php\/wp-json\/wp\/v2\/pages\/204\/revisions"}],"predecessor-version":[{"id":217,"href":"https:\/\/www.scoalagohorgl.ro\/index.php\/wp-json\/wp\/v2\/pages\/204\/revisions\/217"}],"wp:attachment":[{"href":"https:\/\/www.scoalagohorgl.ro\/index.php\/wp-json\/wp\/v2\/media?parent=204"}],"curies":[{"name":"wp","href":"https:\/\/api.w.org\/{rel}","templated":true}]}}